{"id":516,"date":"2023-06-01T23:12:06","date_gmt":"2023-06-01T21:12:06","guid":{"rendered":"http:\/\/www.someware.de\/fruitbowl\/wordpress\/?page_id=516"},"modified":"2023-10-10T10:46:31","modified_gmt":"2023-10-10T08:46:31","slug":"terrarica","status":"publish","type":"page","link":"https:\/\/www.someware.de\/fruitbowl\/wordpress\/terrarica\/","title":{"rendered":"terrarica"},"content":{"rendered":"<div class=\"wp-block-image\">\n<figure class=\"alignright is-resized\"><img loading=\"lazy\" decoding=\"async\" src=\"https:\/\/www.someware.de\/fruitbowl\/wordpress\/wp-content\/uploads\/2023\/06\/terrarica-Logo.png\" alt=\"\" class=\"wp-image-661\" style=\"width:173px;height:198px\" width=\"173\" height=\"198\" srcset=\"https:\/\/www.someware.de\/fruitbowl\/wordpress\/wp-content\/uploads\/2023\/06\/terrarica-Logo.png 326w, https:\/\/www.someware.de\/fruitbowl\/wordpress\/wp-content\/uploads\/2023\/06\/terrarica-Logo-262x300.png 262w\" sizes=\"auto, (max-width: 173px) 100vw, 173px\" \/><\/figure>\n<\/div>\n\n\n<h2 class=\"wp-block-heading\">Humus-Projekte &amp; Re-Naturierung<br>Proyectos de humus y re-naturalizaci\u00f3n<br>Humus Projects &amp; re-naturalisation<\/h2>\n\n\n\n<p><strong>terrarica<\/strong> hat sich auf die Fahne geschrieben <strong>die Erde zu humifizieren, zu vererden, wiederzubeleben, ihr eins einzuschenken, ihr eins Auszugeben!<\/strong> Diese maltretierte alte, treue, fromme H\u00fcndin. Es ist Zeit ihr einen Festtagsknochen vor die H\u00fctte zu legen und zu gratulieren: \u201cWir geben dir ab heute endlich mal was zur\u00fcck! Kein Firlefanz, kein Greenwashbullshitting, keine braune So\u00dfe! \u2013 Wir schei\u00dfen in eine Trenntrockentoilette. Alles weitere erkl\u00e4rt Euch der Elefant. \u2013<br>Pst! &#8211; Der, der in die Stadt gemacht hat&#8221;<\/p>\n\n\n\n<h1 class=\"wp-block-heading\">Lesungen f\u00fcr Jung &amp; Alt + Fachvortrag inkl. Podiums-Diskussion<\/h1>\n\n\n\n<p>Derzeit sind wir mit den musikalischen Elefanten-Lesungen und B\u00fccherst\u00e4nden unterwegs, die den Humus-Kreislauf-Gedanken in die Welt streuen. Seit September 2023 bauen wir ein Netzwerk von Referentinnen und Referenten auf, die f\u00fcr unsere Lesungen mitgebucht werden k\u00f6nnen. Nach einem kurzen Impulsvortrag oder auch einem detailierteren Bericht kommen wir mit Ihnen gerne ins Gespr\u00e4ch zu einem Thema, das die Welt so bewegt! Hier sind die Essenzen enthalten: Nahrung, Fest wie Fl\u00fcssig, Human Output (Fest wie Fl\u00fcssig), Energie und Organik.<\/p>\n\n\n\n<h1 class=\"wp-block-heading\">Referenten<\/h1>\n\n\n\n<p><a href=\"#patrick_kaiser\">Patrick Kaiser<\/a> &#8211; Vielfalt s\u00e4en, Zukunft ernten. &nbsp;Alte Sorten, Saatgut und Vermehrung<br><a href=\"#jonathan_binetsch\">Jonathan Binetsch<\/a> \u2013 studierter Kulturwissenschaftler und lernende Permakultur-Designer<br><a href=\"#martin_eller\">Martin Eller<\/a> &#8211; stellt mit Leidenschaft das Thema Pflanzenkohle vor<br><a href=\"#david_steyer\">David Steyer<\/a> &#8211; <a rel=\"noreferrer noopener\" href=\"https:\/\/www.bio-stiftung.ch\/projekte\/bodenbotschafter-buchen\/\" target=\"_blank\">Bodenbotschafter<\/a> &amp; Integrativer Garten-und Landschaftstherapeut<br><br>Hoffentlich k\u00f6nnen wir auch Ruben Abru\u00f1a (Filmproduzent &#8220;Holy Shit&#8221;) als Referenten gewinnen!<\/p>\n\n\n\n<p><\/p>\n\n\n\n<h2 class=\"wp-block-heading\" id=\"patrick_kaiser\">Patrick Kaiser<\/h2>\n\n\n<div class=\"wp-block-image\">\n<figure class=\"alignright size-large is-resized\"><img loading=\"lazy\" decoding=\"async\" src=\"https:\/\/www.someware.de\/fruitbowl\/wordpress\/wp-content\/uploads\/2023\/10\/Patrick-Kaiser-1024x576.jpg\" alt=\"\" class=\"wp-image-880\" style=\"width:329px;height:185px\" width=\"329\" height=\"185\" srcset=\"https:\/\/www.someware.de\/fruitbowl\/wordpress\/wp-content\/uploads\/2023\/10\/Patrick-Kaiser-1024x576.jpg 1024w, https:\/\/www.someware.de\/fruitbowl\/wordpress\/wp-content\/uploads\/2023\/10\/Patrick-Kaiser-300x169.jpg 300w, https:\/\/www.someware.de\/fruitbowl\/wordpress\/wp-content\/uploads\/2023\/10\/Patrick-Kaiser-768x432.jpg 768w, https:\/\/www.someware.de\/fruitbowl\/wordpress\/wp-content\/uploads\/2023\/10\/Patrick-Kaiser-1536x864.jpg 1536w, https:\/\/www.someware.de\/fruitbowl\/wordpress\/wp-content\/uploads\/2023\/10\/Patrick-Kaiser-2048x1152.jpg 2048w\" sizes=\"auto, (max-width: 329px) 100vw, 329px\" \/><\/figure>\n<\/div>\n\n\n<p>Viele Kulturpflanzen, die es vor hundert Jahren noch gab, gelten mittlerweile als verschollen. Mit ihnen sind auch viele Farben, Formen, D\u00fcfte und Aromen auf unseren Tellern verloren gegangen. Patrick Kaiser stellt die Erhaltungsm\u00f6glichkeiten und die Bedeutung der Pflanzenvielfalt am Beispiel von Gem\u00fcse vor. Nach dem Studium der Saatguttechnologie und Pflanzenz\u00fcchtung und einer Fahrradreise vom Bodensee nach Indien entstand der Wunsch, sich f\u00fcr die Rettung und den Erhalt der Kulturpflanzenvielfalt einzusetzen. Dabei stehen vor allem alte Regionalsorten im Vordergrund, um dem bereits sehr gro\u00dfen Sortenschwund entgegen zu wirken. Beim Genb\u00e4nkle e.V. ist er f\u00fcr den Erhalt der Gem\u00fcse-Kulturpflanzenvielfalt in Baden-W\u00fcrttemberg t\u00e4tig. Mit seiner &nbsp;Saatgutinitiative \u201eTatgut\u201c vermehrt und erh\u00e4lt er eine gro\u00dfe Anzahl historischer Sorten und Gartenrari\u00e4ten im Raum Tettnang.<\/p>\n\n\n\n<p><a href=\"mailto:contact@tatgut.de\">contact@tatgut.de<\/a><br><a rel=\"noreferrer noopener\" href=\"https:\/\/www.tatgut.de\" target=\"_blank\">www.tatgut.de<\/a><br>Sprechzeiten: Do.+Fr.: 10 &#8211; 12 Uhr unter +49 176 &#8211; 589 330 43<br>Standort: Laimnau, Bodensee<\/p>\n\n\n\n<h2 class=\"wp-block-heading\" id=\"jonathan_binetsch\">Jonathan Binetsch<\/h2>\n\n\n<div class=\"wp-block-image\">\n<figure class=\"alignright is-resized\"><img loading=\"lazy\" decoding=\"async\" src=\"https:\/\/www.someware.de\/fruitbowl\/wordpress\/wp-content\/uploads\/2023\/09\/Jonathan-Binetsch-Portrait-3.jpg\" alt=\"Jonathan Binetsch, Portrait\" class=\"wp-image-837\" style=\"width:330px;height:185px\" width=\"330\" height=\"185\" srcset=\"https:\/\/www.someware.de\/fruitbowl\/wordpress\/wp-content\/uploads\/2023\/09\/Jonathan-Binetsch-Portrait-3.jpg 1280w, https:\/\/www.someware.de\/fruitbowl\/wordpress\/wp-content\/uploads\/2023\/09\/Jonathan-Binetsch-Portrait-3-300x169.jpg 300w, https:\/\/www.someware.de\/fruitbowl\/wordpress\/wp-content\/uploads\/2023\/09\/Jonathan-Binetsch-Portrait-3-1024x576.jpg 1024w, https:\/\/www.someware.de\/fruitbowl\/wordpress\/wp-content\/uploads\/2023\/09\/Jonathan-Binetsch-Portrait-3-768x432.jpg 768w\" sizes=\"auto, (max-width: 330px) 100vw, 330px\" \/><\/figure>\n<\/div>\n\n\n<p>Der studierte Kulturwissenschaftler und lernende Permakultur-Designer Jonathan Binetsch pendelt zwischen seinem Job als Baumpfleger in Heidelberg, seiner Heimat Bodnegg und seinem Herzens-Land Indien, in dem er 18 Monate lebte. Er steht leidenschaftlich f\u00fcr das verbundene Leben in unseren B\u00f6den, W\u00e4ldern, Gemeinschaften und Beziehungen ein und strebt nach einem sozial-\u00f6kologischen Wandel auf der pers\u00f6nlichen und politischen Ebene. Seine Themen, zu denen er Vortr\u00e4ge, Workshops und Mentoring-Programme anbietet sind: Permakultur, Baumkunde, Entwicklungspolitik, Indische Kultur &amp; Religion, Kulturtheorie, Klima-Aktivismus, Pychedelika, Gewaltfreie Kommunikation und Kreatives Schreiben.<\/p>\n\n\n\n<p><a rel=\"noreferrer noopener\" href=\"mailto:jonathan.binetsch@posteo.de\" target=\"_blank\">jonathan.binetsch@posteo.de<\/a><br>Pers\u00f6nlicher Blog: <a href=\"http:\/\/percipioergosum.wordpress.com\" data-type=\"link\" data-id=\"percipioergosum.wordpress.com\">percipioergosum.wordpress.com<\/a><br>Standort: Heidelberg, Deutschland \/ Indien<\/p>\n\n\n\n<h2 class=\"wp-block-heading\" id=\"martin_eller\">Martin Eller<\/h2>\n\n\n<div class=\"wp-block-image\">\n<figure class=\"alignright is-resized\"><img loading=\"lazy\" decoding=\"async\" src=\"https:\/\/www.someware.de\/fruitbowl\/wordpress\/wp-content\/uploads\/2023\/09\/Martin-Eller-Portrait.jpeg\" alt=\"Martin Eller, Portrait\" class=\"wp-image-838\" style=\"width:212px;height:268px\" width=\"212\" height=\"268\" srcset=\"https:\/\/www.someware.de\/fruitbowl\/wordpress\/wp-content\/uploads\/2023\/09\/Martin-Eller-Portrait.jpeg 508w, https:\/\/www.someware.de\/fruitbowl\/wordpress\/wp-content\/uploads\/2023\/09\/Martin-Eller-Portrait-238x300.jpeg 238w\" sizes=\"auto, (max-width: 212px) 100vw, 212px\" \/><\/figure>\n<\/div>\n\n\n<p>Martin Eller, Jahrgang 1956, verheiratet, erwachsene Kinder und Enkel, Maschinenbau Studium. Seit Ende 2021 im Ruhestand. Sein Lebensmotto: \u201eWertsch\u00f6pfung \/ Creating Value&#8221;. Zur Zeit ist er mit Leidenschaft dabei, Pflanzenkohle bekannt zu machen.<\/p>\n\n\n\n<p>Kon-Tiki Workshop. Thema: Herstellung und Anwendung von Pflanzenkohle speziell zur Bodenverbesserung in Theorie und Praxis. Gezeigt wird, wie aus unterschiedlicher trockener Biomasse Pflanzenkohle entsteht, deren Aufbereitung, sowie dessen praktische Anwendung z.B. im Kompostprozess.<\/p>\n\n\n\n<p>Wenn vor Ort m\u00f6glich, Erzeugung von Pflanzenkohle mit einem Pyrolyse Meiler, in seinem Fall mit einem &#8220;Kon-Tiki&#8221; aus Edelstahl oder auch mit einem Erd-Kon-Tiki. Anhand einer &#8220;Karbob\u00fcchse\u201c wird gezeigt, wie eine geschlossene Pyrolyse-Karbonisierung funktioniert.<\/p>\n\n\n<div class=\"wp-block-image\">\n<figure class=\"alignleft is-resized\"><a href=\"www.instagram.com\/martinscreatingvalue\" target=\"_blank\" rel=\"noreferrer noopener\"><img loading=\"lazy\" decoding=\"async\" src=\"https:\/\/www.someware.de\/fruitbowl\/wordpress\/wp-content\/uploads\/2023\/09\/insta_logo_black.png\" alt=\"instagram logo black\" class=\"wp-image-839\" style=\"width:23px;height:23px\" width=\"23\" height=\"23\" srcset=\"https:\/\/www.someware.de\/fruitbowl\/wordpress\/wp-content\/uploads\/2023\/09\/insta_logo_black.png 120w, https:\/\/www.someware.de\/fruitbowl\/wordpress\/wp-content\/uploads\/2023\/09\/insta_logo_black-100x100.png 100w\" sizes=\"auto, (max-width: 23px) 100vw, 23px\" \/><\/a><\/figure>\n<\/div>\n\n\n<p>www.instagram.com\/martinscreatingvalue&nbsp;<br><a rel=\"noreferrer noopener\" href=\"http:\/\/www.eller-consultant.com\/\" target=\"_blank\">www.eller-consultant.com<\/a><br>Standort: 71263 Weil der Stadt\/Hausen<\/p>\n\n\n\n<h2 class=\"wp-block-heading\" id=\"david_steyer\">David Steyer<\/h2>\n\n\n<div class=\"wp-block-image\">\n<figure class=\"alignright size-large is-resized\"><img loading=\"lazy\" decoding=\"async\" src=\"https:\/\/www.someware.de\/fruitbowl\/wordpress\/wp-content\/uploads\/2023\/10\/David-Steyer-Portrait-926x1024.jpg\" alt=\"\" class=\"wp-image-897\" style=\"width:253px;height:280px\" width=\"253\" height=\"280\" srcset=\"https:\/\/www.someware.de\/fruitbowl\/wordpress\/wp-content\/uploads\/2023\/10\/David-Steyer-Portrait-926x1024.jpg 926w, https:\/\/www.someware.de\/fruitbowl\/wordpress\/wp-content\/uploads\/2023\/10\/David-Steyer-Portrait-271x300.jpg 271w, https:\/\/www.someware.de\/fruitbowl\/wordpress\/wp-content\/uploads\/2023\/10\/David-Steyer-Portrait-768x850.jpg 768w, https:\/\/www.someware.de\/fruitbowl\/wordpress\/wp-content\/uploads\/2023\/10\/David-Steyer-Portrait-1388x1536.jpg 1388w, https:\/\/www.someware.de\/fruitbowl\/wordpress\/wp-content\/uploads\/2023\/10\/David-Steyer-Portrait-1851x2048.jpg 1851w\" sizes=\"auto, (max-width: 253px) 100vw, 253px\" \/><\/figure>\n<\/div>\n\n\n<p>Betriebsleitung der <a rel=\"noreferrer noopener\" href=\"https:\/\/www.solawi-ravensburg.de\/\" data-type=\"link\" data-id=\"https:\/\/www.solawi-ravensburg.de\/\" target=\"_blank\">Solidarischen Landwirtschaft Ravensburg<\/a>. Als G\u00e4rtnermeister b\u00fcrgt er seit Gr\u00fcndung der Solawi Ravensburg 2015 f\u00fcr den Gem\u00fcseanbau f\u00fcr die Mitglieder. Neben dem g\u00e4rtnerischen Alltag engagiert er sich in der biologisch-dynamischen Aus-und Fortbildung f\u00fcr die Freie Landbauschule Bodensee und als Berater f\u00fcr den Solidarischen Gem\u00fcsebau.<br>Als \u201eIntegrativer Garten-und Landschaftstherapeut\u201c (EAG FPI) versucht er Mensch-Natur und Natur-Kultur-Verbindungen zu st\u00e4rken und Lebensprozesse sowie Selbstwirksamkeit erfahrbar zu machen. Als <a rel=\"noreferrer noopener\" href=\"https:\/\/www.bio-stiftung.ch\/projekte\/bodenbotschafter-buchen\/\" target=\"_blank\">Bodenbotschafter<\/a> ist ihm dies ein besonderes Anliegen und spielt f\u00fcr ihn eine zentrale Rolle bei der Betriebsgestaltung.<\/p>\n\n\n\n<p><a href=\"mailto:david.steyer@solawi-ravensburg.de\">david.steyer@solawi-ravensburg.de<\/a><br><a href=\"http:\/\/www.solawi-ravensburg.de\" target=\"_blank\" rel=\"noreferrer noopener\">www.solawi-ravensburg.de<\/a><br>Mobil 0157-37283443<br>Standort: Ravensburg<\/p>\n\n\n\n<h1 class=\"wp-block-heading\">Humus-Kreislauf-Mitstreiter<\/h1>\n\n\n\n<p>Ruben Abru\u00f1a<br><a rel=\"noreferrer noopener\" href=\"https:\/\/www.holyshit.global\" target=\"_blank\">www.holyshit.global<\/a><\/p>\n\n\n\n<p><a href=\"http:\/\/www.finizio.de\" data-type=\"link\" data-id=\"www.finizio.de\" target=\"_blank\" rel=\"noreferrer noopener\">www.finizio.de<\/a><br>future sanitation<\/p>\n\n\n\n<p>you don\u2019t know shit<br><a href=\"http:\/\/www.ydks.de\" data-type=\"link\" data-id=\"www.ydks.de\" target=\"_blank\" rel=\"noreferrer noopener\">www.ydks.de<\/a><\/p>\n\n\n\n<p><a href=\"http:\/\/www.netsan.org\" data-type=\"link\" data-id=\"www.netsan.org\" target=\"_blank\" rel=\"noreferrer noopener\">www.netsan.org<\/a><\/p>\n\n\n\n<p>Bodenfruchtbarkeitsfonds<br><a href=\"http:\/\/www.bodenfruchtbarkeit.bio\" data-type=\"link\" data-id=\"www.bodenfruchtbarkeit.bio\" target=\"_blank\" rel=\"noreferrer noopener\">www.bodenfruchtbarkeit.bio<\/a><\/p>\n\n\n\n<p>www.goldeimer.de<\/p>\n\n\n\n<p>www.klostonature.de<\/p>\n\n\n\n<p><a href=\"http:\/\/www.tatgut.de\" data-type=\"link\" data-id=\"www.tatgut.de\" target=\"_blank\" rel=\"noreferrer noopener\">www.t<\/a><a href=\"http:\/\/www.tatgut.de\" data-type=\"link\" data-id=\"www.tatgut.de\">atgut.de<\/a><\/p>\n\n\n\n<p><a href=\"http:\/\/www.terrarica.org\" data-type=\"link\" data-id=\"www.terrarica.org\">www.terrarica.org<\/a><\/p>\n","protected":false},"excerpt":{"rendered":"<p>Humus-Projekte &amp; Re-NaturierungProyectos de humus y re-naturalizaci\u00f3nHumus Projects &amp; re-naturalisation terrarica hat sich auf die Fahne geschrieben die Erde zu humifizieren, zu vererden, wiederzubeleben, ihr eins einzuschenken, ihr eins Auszugeben! &hellip; <\/p>\n<p class=\"link-more\"><a href=\"https:\/\/www.someware.de\/fruitbowl\/wordpress\/terrarica\/\" class=\"more-link\"><span class=\"screen-reader-text\">\u201eterrarica\u201c<\/span> weiterlesen<\/a><\/p>\n","protected":false},"author":1,"featured_media":0,"parent":0,"menu_order":0,"comment_status":"closed","ping_status":"closed","template":"","meta":{"_EventAllDay":false,"_EventTimezone":"","_EventStartDate":"","_EventEndDate":"","_EventStartDateUTC":"","_EventEndDateUTC":"","_EventShowMap":false,"_EventShowMapLink":false,"_EventURL":"","_EventCost":"","_EventCostDescription":"","_EventCurrencySymbol":"","_EventCurrencyCode":"","_EventCurrencyPosition":"","_EventDateTimeSeparator":"","_EventTimeRangeSeparator":"","_EventOrganizerID":[],"_EventVenueID":[],"_OrganizerEmail":"","_OrganizerPhone":"","_OrganizerWebsite":"","_VenueAddress":"","_VenueCity":"","_VenueCountry":"","_VenueProvince":"","_VenueState":"","_VenueZip":"","_VenuePhone":"","_VenueURL":"","_VenueStateProvince":"","_VenueLat":"","_VenueLng":"","_VenueShowMap":false,"_VenueShowMapLink":false,"footnotes":""},"class_list":["post-516","page","type-page","status-publish","hentry"],"_links":{"self":[{"href":"https:\/\/www.someware.de\/fruitbowl\/wordpress\/wp-json\/wp\/v2\/pages\/516","targetHints":{"allow":["GET"]}}],"collection":[{"href":"https:\/\/www.someware.de\/fruitbowl\/wordpress\/wp-json\/wp\/v2\/pages"}],"about":[{"href":"https:\/\/www.someware.de\/fruitbowl\/wordpress\/wp-json\/wp\/v2\/types\/page"}],"author":[{"embeddable":true,"href":"https:\/\/www.someware.de\/fruitbowl\/wordpress\/wp-json\/wp\/v2\/users\/1"}],"replies":[{"embeddable":true,"href":"https:\/\/www.someware.de\/fruitbowl\/wordpress\/wp-json\/wp\/v2\/comments?post=516"}],"version-history":[{"count":20,"href":"https:\/\/www.someware.de\/fruitbowl\/wordpress\/wp-json\/wp\/v2\/pages\/516\/revisions"}],"predecessor-version":[{"id":903,"href":"https:\/\/www.someware.de\/fruitbowl\/wordpress\/wp-json\/wp\/v2\/pages\/516\/revisions\/903"}],"wp:attachment":[{"href":"https:\/\/www.someware.de\/fruitbowl\/wordpress\/wp-json\/wp\/v2\/media?parent=516"}],"curies":[{"name":"wp","href":"https:\/\/api.w.org\/{rel}","templated":true}]}}